
127
Let s(t) = -121782*t + 365349. Determine s(3).
3
Let c(s) = -455917*s + 5926944. Determine c(13).
23
Let x(u) = 11060*u + 818345. What is x(-74)?
-95
Let g(p) = p**2 - 341*p - 55304. Determine g(-120).
16
Let u(h) = -h**3 - 193*h**2 - 1653*h + 559. Give u(-184).
7
Let l(b) = 5*b**2 - 33875*b + 169419. Determine l(5).
169
Let r(c) = 41*c**2 + 105*c + 664. Calculate r(-6).
1510
Let w(b) = -6*b**2 - 194*b + 66. What is w(-31)?
314
Let d(v) = 97767*v - 1564249. Give d(16).
23
Let i(v) = v**3 + 26*v**2 - 195*v - 2331. Calculate i(-30).
-81
Let q(k) = 61*k**2 - 32761*k + 2216. Determine q(537).
68
Let h(i) = -22292*i - 133751. Calculate h(-6).
1
Let c(j) = 31*j + 451. Give c(22).
1133
Let d(h) = 183956*h - 1103749. Calculate d(6).
-13
Let p(u) = 21638*u - 1341471. Determine p(62).
85
Let w(l) = l**3 - 4*l**2 - 61*l + 8. What is w(10)?
-2
Let w(c) = 57*c - 9882. What is w(173)?
-21
Let m(u) = -65*u**2 + 2895*u - 1663. Give m(44).
-123
Let u(z) = -6*z**2 - 137*z - 283. What is u(-21)?
-52
Let l(s) = -s**3 - 283*s**2 - 1563*s - 48100. Give l(-278).
-6
Let f(m) = 1187*m - 27557. What is f(24)?
931
Let z(q) = -622*q - 370699. Give z(-596).
13
Let w(x) = -9*x - 172. Calculate w(1).
-181
Let r(t) = -34*t**3 - 11730*t**2 - 3*t - 1775. What is r(-345)?
-740
Let b(o) = -17*o + 2839. What is b(166)?
17
Let r(d) = 750*d**2 - 2259*d + 30. Calculate r(3).
3
Let b(d) = d**3 + 229*d**2 + 8891*d + 3527. Give b(-49).
48
Let v(h) = -h**3 + 554*h**2 + 3799*h + 71809. What is v(561)?
1
Let d(h) = -18*h**2 - 71*h - 10. What is d(-3)?
41
Let i(t) = -3*t**3 - 495*t**2 + 10485*t - 541. What is i(-184)?
11
Let l(b) = 555*b - 102497. Give l(185).
178
Let g(d) = -4*d**2 + 1056*d + 41933. Calculate g(299).
73
Let n(j) = -j**2 + 25761*j + 1471650. Determine n(-57).
24
Let c(v) = v**3 - 2*v**2 - 71*v - 82. Determine c(11).
226
Let l(m) = 4*m**2 - 19*m - 2570. What is l(-23)?
-17
Let c(t) = -613*t - 19162. What is c(-33)?
1067
Let z(w) = -w**3 + 12*w**2 - 31*w + 157. Give z(10).
47
Let x(l) = -2*l**3 + 62*l**2 + 12*l - 1272. Determine x(30).
888
Let w(q) = -3*q**2 + 9000*q - 151974. What is w(17)?
159
Let p(b) = 1107*b + 3129. Calculate p(-3).
-192
Let o(y) = -y**3 - 24*y**2 + 156*y + 80. Give o(-29).
-239
Let s(h) = 666*h - 54169. Give s(82).
443
Let o(b) = 31*b**3 + 106*b**2 - 62*b - 10. What is o(-4)?
-50
Let k(l) = -1786*l**2 + 10867*l - 73. Give k(6).
833
Let q(z) = 300*z - 7226. What is q(24)?
-26
Let o(n) = 25*n**2 + 21*n - 103. What is o(-4)?
213
Let x(z) = -3*z**3 - 65*z**2 + 1212*z + 26. Calculate x(12).
26
Let m(x) = -x**3 + 8*x**2 + 41354*x - 82714. Give m(2).
18
Let o(k) = k**2 - 24277*k - 729210. Calculate o(-30).
0
Let u(a) = -3*a**2 + 724*a + 1683. Calculate u(244).
-269
Let a(k) = k**3 + 19*k**2 - 66*k + 95. Determine a(3).
95
Let l(c) = -6*c**2 - 127399*c + 382203. Give l(3).
-48
Let l(c) = -45641*c + 912780. Calculate l(20).
-40
Let j(t) = 19*t**2 + 1239*t - 16778. What is j(12)?
826
Let r(x) = -15137*x + 3027354. Calculate r(200).
-46
Let o(p) = p**3 - 5*p**2 - 176*p + 1483. Determine o(9).
223
Let t(a) = -56676*a**2 - 1133525*a - 61. What is t(-20)?
39
Let r(l) = 311*l - 53517. What is r(172)?
-25
Let z(n) = -223*n**2 + 19183*n - 242. What is z(86)?
188
Let d(f) = f**3 + 35*f**2 - 268*f - 22. Give d(7).
160
Let g(q) = -6*q**2 - 35*q + 4510. Calculate g(-31).
-171
Let w(i) = -4*i**3 - 86*i**2 + 39*i + 122. Calculate w(-22).
232
Let t(l) = 2*l**3 + 99*l**2 + 133*l + 4070. What is t(-49)?
-46
Let i(b) = 40272*b + 40374. Calculate i(-1).
102
Let i(h) = 2657*h + 170048. Determine i(-64).
0
Let v(s) = -72*s**2 + 15840*s + 86. Give v(220).
86
Let v(f) = -f**3 + 10*f**2 - 1536*f + 13790. Give v(9).
47
Let v(u) = -35*u**2 + 463*u + 7858. Calculate v(23).
-8
Let b(a) = 2*a**3 - 1145*a**2 + 4547*a + 11. Determine b(4).
7
Let j(s) = -12505*s + 175057. Give j(14).
-13
Let u(a) = -17319*a - 17415. Determine u(-1).
-96
Let v(z) = 2816101*z - 59138106. Give v(21).
15
Let y(b) = 7*b**3 - 237*b**2 + 425*b - 155. Determine y(32).
133
Let r(i) = 197*i - 23433. Determine r(119).
10
Let g(y) = y**3 - 60*y**2 - 22209*y - 611. Calculate g(-122).
-1
Let p(q) = q**3 + 92*q**2 + 2123*q + 316. Give p(-46).
-6
Let t(c) = 31406*c - 219851. What is t(7)?
-9
Let i(h) = 220*h - 17333. Give i(84).
1147
Let i(f) = f**3 + 9*f**2 - 48*f - 380. Calculate i(-7).
54
Let u(k) = 1639*k + 6859. Give u(-4).
303
Let r(s) = -135*s**2 + 1522*s + 10209. Give r(16).
1
Let a(k) = 272*k + 3997. Give a(-24).
-2531
Let d(h) = 275373*h + 112076816. Calculate d(-407).
5
Let x(j) = -10971*j - 76757. Determine x(-7).
40
Let w(p) = 16691*p + 67161. Calculate w(-4).
397
Let u(z) = 9637*z - 76961. Give u(8).
135
Let k(q) = -3846*q**2 - 153826*q + 537. Give k(-40).
-23
Let o(v) = v**3 - 10*v**2 - 1084*v - 6767. Give o(-7).
-12
Let a(h) = -116*h - 25035. Calculate a(-216).
21
Let y(s) = s**2 + 967*s - 240170. Calculate y(205).
90
Let g(o) = -25*o**3 + 25*o**2 + 122*o - 151. What is g(-5)?
2989
Let h(g) = -11*g**2 + 329*g - 48. What is h(30)?
-78
Let n(z) = -19*z**3 - 212*z**2 + 1115*z + 12631. Give n(-11).
3
Let r(q) = -4318*q - 859251. Calculate r(-199).
31
Let b(q) = 135*q**2 + 2512*q - 995. Calculate b(-19).
12
Let v(f) = -79*f**2 - 165*f + 1. Give v(-2).
15
Let g(i) = 8*i**2 + 6280*i + 706123. Give g(-136).
11
Let u(g) = -743*g**2 + 46824*g - 944. Determine u(63).
1
Let d(s) = -s**3 - 21*s**2 - 1308*s + 8821. Calculate d(6).
1
Let s(t) = -2*t**2 - 57*t - 170. What is s(-29)?
-199
Let n(c) = -470*c + 67345. Calculate n(141).
1075
Let i(b) = -21677*b - 14. Calculate i(0).
-14
Let i(h) = -12635*h + 290032. What is i(23)?
-573
Let u(p) = p**2 + 59*p + 378. Calculate u(-15).
-282
Let n(d) = d**3 - 109*d**2 + 3084*d - 7967. Determine n(47).
23
Let y(l) = -32*l**3 + 27155*l**2 + 11038*l - 851. What is y(849)?
-2
Let n(t) = 5804*t - 278625. Give n(48).
-33
Let i(w) = 52839*w + 158519. What is i(-3)?
2
Let a(i) = 7*i**2 + 20*i - 133. What is a(6)?
239
Let q(p) = -16*p**2 + 309*p - 111. Give q(19).
-16
Let u(l) = -45*l**3 + 397*l**2 + 65*l + 41. Calculate u(9).
-22
Let o(x) = -2*x**3 + 49*x**2 - 675*x + 1. Give o(8).
-3287
Let w(b) = 7*b**2 - 119*b - 12077. Calculate w(51).
61
Let h(t) = 2*t**3 - 38*t**2 - 119*t - 478. What is h(20)?
-2058
Let k(p) = -166859*p - 2169159. Determine k(-13).
8
Let u(l) = l**2 + 33*l - 4057. What is u(49)?
-39
Let t(w) = w**2 + 237*w + 13531. Give t(-142).
41
Let a(u) = -528381*u + 6868975. Calculate a(13).
22
Let h(y) = -1803*y + 9615. Determine h(5).
600
Let g(o) = 6*o**2 - 1472*o + 6862. Determine g(240).
-818
Let n(l) = 129*l**3 + 115*l**2 - 124*l + 8. Give n(1).
128
Let l(j) = -j**3 + 420*j**2 + 3860*j + 419. Give l(429).
-10
Let p(x) = -89634*x - 448095. Determine p(-5).
75
Let v(x) = 26867*x - 1101535. Determine v(41).
12
Let c(t) = -251*t**2 - 6*t + 16. Calculate c(-5).
-6229
Let i(w) = -14684*w + 1644615. Give i(112).
7
Let m(l) = -l**2 + 1032*l + 420999. Calculate m(-313).
14
Let k(c) = 6475*c - 770560. Calculate k(119).
-35
Let w(j) = -5268*j + 75403. Determine w(14).
1651
Let u(b) = b**2 - 59527*b - 714458. Determine u(-12).
10
Let w(y) = -2*y**3 - 47*y**2 - 12*y - 2176. Give w(-25).
-1
Let y(l) = 4*l**3 + 311*l**2 + 6087*l + 4653. Calculate y(-34).
-5
Let p(u) = 14960*u - 1884962. Determine p(126).
-2
Let w(k) = -166*k + 3716. Give w(13).
1558
Let p(q) = -62094*q + 372293. Calculate p(6).
-271
Let i(r) = -12*r**2 - 293*r + 189. Determine i(-24).
309
Let o(y) = -98*y**2 - 26*y + 19. Determine o(2).
-425
Let y(m) = -2*m**3 + 189*m**2 - 1148*m + 83. Calculate y(88).
-269
Let k(v) = -7465*v - 268565. What is k(-36)?
175
Let v(o) = 262*o**2 - 161*o + 324. What is v(2)?
1050
Let l(x) = x**3 + 839*x**2 + 163999*x + 2795. What is l(-310)?
5
Let h(k) = 4*k**2 - 1014*k + 8866. Calculate h(9).
64
Let g(i) = -2*i**3 - 32*i**2 - 41*i + 655. What is g(-14)?
445
Let c(q) = 14*q**3 - 627*q**2 + 6211*q - 11. Give c(30).
19
Let y(c) = -3*c**3 - 697*c**2 - 34731*c - 1786. What is y(-160)?
-26
Let q(u) = 144*u**2 - 162*u - 161. Give q(-1).
145
Let g(f) = -4*f**2 - 22354*f - 134051. Determine g(-6).
-71
Let m(z) = -z**3 - 359*z**2 + 181*z + 64986. Give m(-359).
7
Let k(y) = -1155*y + 3538. Give k(3).
73
Let l(a) = -a**3 + a**2 + 7836*a + 62082. What is l(-8)?
-30
Let d(a) = 61*a**2 - 9920*a - 36